*h - 4*p, 2*h + 2*p - 40 = 0. Calculate the remainder when 65 is divided by h.
19
Suppose 4*z - 17 + 5 = 0. Suppose -4*a - 3*s + 25 = 0, 2*a + 4 - 6 = 2*s. Calculate the remainder when a is divided by z.
1
Let f be (4/(-10))/(1/(-5)). Suppose -5*p - 3*w = 2*w - 15, 2*p + 3*w = f. Calculate the remainder when 27 is divided by p.
6
Suppose -4*q + 96 = -2*t - 2*t, -3*q + 5*t = -62. Calculate the remainder when q is divided by 15.
14
Let u(t) = 3*t - 8. What is the remainder when u(6) is divided by ((-18)/(-4))/(51/68)?
4
Let c(f) = -51*f - 1. Let v = -5 - -4. What is the remainder when c(v) is divided by 17?
16
Let f(k) = 4*k**2 - 7*k + 7. Calculate the remainder when f(5) is divided by 15.
12
Suppose -5*n + 7 = -33. Suppose 3*p + 206 = n*p - h, 38 = p + 3*h. Calculate the remainder when p is divided by 14.
13
Suppose -4 - 4 = -4*w. Suppose 0 = -w*g - 3*g + 15. Calculate the remainder when 11 is divided by g.
2
Suppose 0 = -4*l - 5*u - 448, 3*l - 92 = -3*u - 425. Let c = l + 167. What is the remainder when c is divided by 21?
18
Suppose 5*p = 8 + 2. Let x = p + 2. Suppose 3*c = -x*d + 19, -2*d - 19 = -c + 3*d. What is the remainder when 33 is divided by c?
6
Suppose 170 = 7*j + 3*j. What is the remainder when 31 is divided by j?
14
Let y(q) = -2*q**2 - 6*q - 9. Let x = 7 + -13. Let k be y(x). Let j = -8 - k. Calculate the remainder when j is divided by 13.
11
Suppose 4*y + 900 = 9*y. What is the remainder when y is divided by 13?
11
Let t(n) = 19*n - 95. Let c(k) = -k**3 - 5*k**2 + 9*k - 3. Calculate the remainder when t(10) is divided by c(-7).
31
Let x be 7/((-21)/(-18)) - -2. Suppose 0*v + x = 4*v. Suppose v*l + l - 21 = 0. Calculate the remainder when l is divided by 3.
1
Let m = 11 - 0. Suppose -2*v + 30 = -v. What is the remainder when v is divided by m?
8
Suppose 0 = 4*b + 26 - 50. What is the remainder when (21 + 0)/(1 - 0) is divided by b?
3
Calculate the remainder when -2 + (-1 - -2)*4 is divided by 1.
0
Suppose 5*v + 1 = 4*o, -4*o + 4*v + 7 = 3. Calculate the remainder when 6 is divided by o.
2
Calculate the remainder when 38 is divided by 1*-13*(1 - 2).
12
Suppose 5*v - 3*u - 91 - 44 = 0, -v - 2*u = -14. Suppose t + 2 = v. What is the remainder when t is divided by 8?
6
Calculate the remainder when 13 is divided by 2*(9/6 + 0).
1
Let r(u) = -2*u + 6. What is the remainder when r(-9) is divided by 9?
6
Let q be (-4)/8 + (-7)/(-2). Suppose t - 264 = -q*t. What is the remainder when t is divided by 17?
15
Suppose 0 = -s - x + 1004, -5*s = -x - 6031 + 987. Suppose n + 290 - 90 = -i, -5*n = 3*i + s. What is the remainder when 28 is divided by n/(-20) - (-2)/(-10)?
8
Suppose -5*m = 25, y + 64 = 3*y - 2*m. Calculate the remainder when 158 is divided by y.
23
Suppose -9*g = 16 - 619. What is the remainder when g is divided by 23?
21
Let g = -7 - -17. Suppose g = -4*p + 26. Suppose -2*y = p*d - 156, -3*d = -d - y - 74. Calculate the remainder when d is divided by 13.
12
Let v(w) = 2*w**3 - 3*w**2 - 6*w + 7. Calculate the remainder when 61 is divided by v(3).
13
Let m = 9 - 15. Let q = m + 10. Suppose 5*h = a - 38, -4*a + q*h + 101 + 35 = 0. What is the remainder when a is divided by 12?
9
Let x = 51 + -77. Let s = -9 - x. What is the remainder when 67 is divided by s?
16
Suppose 4*r - r - 18 = 0. Calculate the remainder when r is divided by (-3 + (-3)/3)/(-2).
0
Suppose 0 = 4*b + o - 27, 6*b - 3*o - 31 = 2*b. Let t(r) = 4*r. Let i be ((-1)/3 - 0)*-3. What is the remainder when b is divided by t(i)?
3
Calculate the remainder when (-4)/(-1 - 3) - (-86)/1 is divided by 24.
15
Let r be (1 - -1)/((-2)/(-3)). Suppose 2*s = -3*n + 15, -n + 20 = -s + r*n. Suppose s*g - 2*g + 4 = 0. What is the remainder when 3 is divided by g?
1
Suppose 0 = -2*b + 6*b - 112. What is the remainder when 53 is divided by b?
25
What is the remainder when 37 is divided by (3 - -19) + (-6)/(0 + 3)?
17
Let r = -16 + 23. Let z(v) = 3*v - 19. Let j be z(8). Suppose 4*w + 6 = c, 5*c + j*w = -0*w + 105. What is the remainder when c is divided by r?
4
Suppose -o - 1 = -2. Suppose 0 = 2*l - 14 + 2. Let j = l + o. What is the remainder when j is divided by 3?
1
Calculate the remainder when 16 is divided by 10 - (1 - 1 - -1).
7
Let q = 57 + -34. Let t = -16 + 8. Let n(j) = j**2 + 6*j - 10. What is the remainder when q is divided by n(t)?
5
Suppose v - 3 = -0. Calculate the remainder when 3 + (-2 - (-7)/1) is divided by v.
2
Let z(b) = -2*b + 2. Let p be z(-3). Calculate the remainder when 36*(-2)/p*-3 is divided by 14.
13
Let v be 2/6 + (-16)/(-24). Suppose -v = u - 7. Calculate the remainder when 15 is divided by u.
3
Suppose -4*w = -0*w - 340. Calculate the remainder when w is divided by 22.
19
Let q(z) = z**3 - 4*z**2 - 3*z + 6. Let l be q(6). Suppose -2*i - 3*x + 30 = 0, 2*i + 5*x - l = -2*i. Calculate the remainder when i is divided by 6.
3
Suppose -4*h = 4*i + h - 23, h = i - 17. What is the remainder when 27 is divided by i?
3
Let d = 24 + -16. Calculate the remainder when 63 is divided by (-4)/(14/d + -2).
15
Suppose 37 = 5*r - l, -6*r + 36 = -3*r + 4*l. Let b(o) = -3*o - 3. What is the remainder when (r/(-10))/((-2)/55) is divided by b(-5)?
10
Let c(y) = -y + 10. What is the remainder when 16 is divided by c(6)?
0
Suppose 2*s + 6 = 0, 5*s + 4 = 2*x - 31. What is the remainder when x is divided by 5?
0
Suppose 133 = -5*i + 943. Calculate the remainder when i is divided by 56.
50
Let c(g) = g**2 + 3*g + 2. Let k = -6 + 11. Suppose k*o = 4*n - 49, -n = -0*n - 5*o - 16. Calculate the remainder when n is divided by c(-4).
5
Let v(m) = 6*m**2 - 2. Let y be 3*(-1)/6*-4. Calculate the remainder when 40 is divided by v(y).
18
Let w = -3 + 7. What is the remainder when 5 is divided by w?
1
Let s(n) = n**3 + 2*n**2 - n - 1. Calculate the remainder when 61 is divided by s(2).
9
Let d = 3 + -1. Suppose d*l - 2 = 20. Calculate the remainder when 32 is divided by l.
10
Let s be 0 - 0 - (-1 + 3). Suppose 5*z = -28 + 113. Calculate the remainder when z is divided by s/(-2)*1*6.
5
Suppose 40 = -2*u + 48. Calculate the remainder when ((-36)/(-10))/((-1)/(-5)) is divided by u.
2
Let s = 131 + -192. Let k be s/(-2)*(-12)/(-2). Calculate the remainder when 45 is divided by (-2)/10 + k/15.
9
Suppose 0 = -9*d + 181 - 37. Calculate the remainder when 43 is divided by d.
11
Suppose -h - 12 = 2*k - 112, -2*k = -3*h - 108. Let x = 98 + -85. Calculate the remainder when k is divided by x.
12
Suppose 0 = 4*m - 2*c - 62, -4*m - 8*c + 59 = -11*c. Let q = 107 + -75. Calculate the remainder when q is divided by m.
15
Let h(o) = o**2 - 5*o + 13. What is the remainder when h(9) is divided by 13?
10
Let a = -1 - -3. Suppose a*p + p = 6. Suppose 4*f - p*f = 24. What is the remainder when 33 is divided by f?
9
Let x(m) = -m + 6. Suppose 0 = -y - y. What is the remainder when 21 is divided by x(y)?
3
Suppose u = -3*u + 80. What is the remainder when 36 is divided by u?
16
Let k(s) = 2*s**2 - 53*s + 36. What is the remainder when 23 is divided by k(26)?
3
What is the remainder when 52 is divided by 2 + (-1)/(-1) - -8?
8
Suppose -13*y = -12*y - 16. Let u = 27 - y. Calculate the remainder when u is divided by 7.
4
Calculate the remainder when 10 is divided by (-18)/(-5) - (-4)/10.
2
Let a = 2 - 2. Suppose -h + a*h = -54. What is the remainder when h is divided by 19?
16
Let x(f) = 8*f**2 - 3*f + 1. What is the remainder when x(4) is divided by 20?
17
Let h(v) = -3*v + 1. Let m be h(-3). Suppose 3*a + 14 = 2*y, 6*y = 3*a + 2*y + m. Let l(s) = s**2 + 2*s + 2. Calculate the remainder when l(a) is divided by 9.
8
Let h(r) = -r**2 + r + 34. Let m be h(0). Suppose 2*n - 3*n + m = 0. Calculate the remainder when n is divided by 12.
10
Suppose -4*k - 27 = 25. Let d = k - -21. Calculate the remainder when 15 is divided by d.
7
Suppose 2*t - 7*t + 65 = 0. What is the remainder when t is divided by 8?
5
Let l be 3/(-6) - (-94)/4. Suppose 10 = -4*s - 2*x + 42, 3*s - l = -2*x. Calculate the remainder when 24 is divided by s.
6
Let g(i) = -i**2 + 12*i - 9. Suppose -3*v = -4*j, -3*j + 2 = -v - 3. What is the remainder when g(10) is divided by v?
3
Suppose k - 5*k + 144 = 0. Suppose 0*a + 3*a = k. Calculate the remainder when 45 is divided by a.
9
Suppose -3*o - 2*o = -55. Suppose -5*h = 2*r - 0*h - 13, -3*r = 3*h - 15. What i